262
In base 2, what is -1101 + 100101?
11000
In base 14, what is -271a - 2?
-271c
In base 11, what is 3313 + 1?
3314
In base 14, what is -1 + 21d?
21c
In base 15, what is -222e + 5?
-2229
In base 3, what is 110 - -1000?
1110
In base 16, what is -c + 65?
59
In base 15, what is -6 - 119?
-120
In base 11, what is 0 - 50?
-50
In base 11, what is -1 + -31?
-32
In base 6, what is 3 - 42?
-35
In base 9, what is 3 - -4434?
4437
In base 2, what is 1011110 + -1011?
1010011
In base 6, what is -333 + -5?
-342
In base 9, what is 0 - -53?
53
In base 2, what is 10000 - 10011?
-11
In base 12, what is 26 - -81?
a7
In base 3, what is 1120 + -200?
220
In base 14, what is 0 + -b2?
-b2
In base 12, what is 5 + -34?
-2b
In base 6, what is 14 + -31?
-13
In base 10, what is -10 + 174?
164
In base 4, what is 21 - -2?
23
In base 5, what is 201 - 4?
142
In base 5, what is 2103 - 2?
2101
In base 10, what is -5 + -746?
-751
In base 5, what is 301 - -2203?
3004
In base 14, what is -5 + -3?
-8
In base 8, what is 3 + 14?
17
In base 14, what is 3 + c6?
c9
In base 9, what is -243 - -48?
-184
In base 4, what is 0 - 11002?
-11002
In base 14, what is -26 + 4?
-22
In base 4, what is 10 - -3130?
3200
In base 12, what is 271 - -2?
273
In base 3, what is -110 - 11?
-121
In base 6, what is -1 + -304?
-305
In base 2, what is 11 - 111100001?
-111011110
In base 15, what is -40 - 11d?
-15d
In base 2, what is -101110 - 100010?
-1010000
In base 5, what is -1 - -100?
44
In base 13, what is 10b + -3?
108
In base 12, what is 8 + 0?
8
In base 8, what is -312 + -35?
-347
In base 12, what is -179 - -65?
-114
In base 13, what is 1 + 1c?
20
In base 11, what is -12 - 18?
-2a
In base 9, what is -2513 - -4?
-2508
In base 12, what is 19 + -2?
17
In base 11, what is 84 - 3?
81
In base 6, what is -1 + -340?
-341
In base 7, what is -30554 - 3?
-30560
In base 13, what is 77 - -1?
78
In base 2, what is -101 + -1111001111?
-1111010100
In base 12, what is 108 + -77?
51
In base 10, what is -2 + 2549?
2547
In base 5, what is 100 + -3?
42
In base 12, what is 0 + 14a?
14a
In base 6, what is -2 + -1003?
-1005
In base 13, what is 2 - -7?
9
In base 4, what is -203 + -13313?
-20122
In base 10, what is -74 + -9?
-83
In base 15, what is -3 - -a?
7
In base 2, what is 10010010000 + 1?
10010010001
In base 8, what is -3 + -472?
-475
In base 4, what is -11 + 3210?
3133
In base 5, what is 13232 - 0?
13232
In base 15, what is 785 + -b?
779
In base 6, what is -103 - 423?
-530
In base 4, what is -30 - -11?
-13
In base 6, what is 1130 - -1?
1131
In base 9, what is 2 + -270?
-267
In base 5, what is 140 - 101?
34
In base 7, what is -4 + -2?
-6
In base 13, what is 3 - -5c?
62
In base 11, what is 2 + -9?
-7
In base 16, what is -bf - 5?
-c4
In base 10, what is -1004 + -5?
-1009
In base 6, what is 22 - 252?
-230
In base 6, what is 44 + -304?
-220
In base 15, what is b1 - 18?
98
In base 5, what is 13223 - -1?
13224
In base 12, what is 62 + 5?
67
In base 2, what is 100 + -10001?
-1101
In base 9, what is -2234 + 4?
-2230
In base 9, what is 17 + -5?
12
In base 15, what is -de + 4?
-da
In base 9, what is 27 - 6?
21
In base 5, what is 420 - -3?
423
In base 12, what is -7 - 17b9?
-1804
In base 10, what is 5 - 40?
-35
In base 7, what is 1 + 125?
126
In base 10, what is 4 - 21?
-17
In base 4, what is 100011 - -2?
100013
In base 10, what is 591 + -1?
590
In base 9, what is 3 - 4?
-1
In base 14, what is -11b - -2?
-119
In base 15, what is 1a - -1?
1b
In base 14, what is -5 + 50?
49
In base 3, what is 10011 + -20?
2221
In base 5, what is 2431 + -4?
2422
In base 2, what is -111101 - -110?
-110111
In base 6, what is -5 - -152?
143
In base 10, what is -4 - 0?
-4
In base 12, what is -5003 - -1?
-5002
In base 5, what is -12 + -110?
-122
In base 9, what is -10 + -48?
-58
In base 7, what is -22 + 102?
50
In base 15, what is -5 + -101?
-106
In base 3, what is 200 + 100?
1000
In base 3, what is 2 - 1101?
-1022
In base 8, what is -163 - 51?
-234
In base 6, what is 1 + -1405?
-1404
In base 6, what is -20 + -22024?
-22044
In base 8, what is -20 - 13?
-33
In base 9, what is 0 + 630?
630
In base 7, what is -2 + -61?
-63
In base 7, what is -133 + -2?
-135
In base 14, what is -15b - 3?
-160
In base 10, what is 275 - 7?
268
In base 4, what is -111131 + 20?
-111111
In base 6, what is -115 - 13?
-132
In base 9, what is 121 - -1?
122
In base 13, what is -4 + 44?
40
In base 12, what is -2 - 57a?
-580
In base 7, what is -560 + -41?
-631
In base 14, what is 3 - -41?
44
In base 12, what is -75 + -4?
-79
In base 8, what is -5 + -45?
-52
In base 2, what is 1110 - 1001?
101
In base 13, what is -7 + -a8?
-b2
In base 7, what is 61 + 0?
61
In base 11, what is -349 - 3?
-351
In base 7, what is 3 - -10?
13
In base 11, what is 1335 - 2?
1333
In base 6, what is 1105 + 5?
1114
In base 2, what is 11101110 + 100?
11110010
In base 16, what is 3a0a - 2?
3a08
In base 16, what is 26 + -7?
1f
In base 6, what is 0 - 1203?
-1203
In base 4, what is 11 + 100033?
100110
In base 13, what is a46 - -1?
a47
In base 9, what is 60123 + 2?
60125
In base 8, what is 4 + -173?
-167
In base 14, what is -2 - -2a9?
2a7
In base 4, what is 1110 + 11?
1121
In base 16, what is 7 - 2cf?
-2c8
In base 3, what is -210200 + 22?
-210101
In base 7, what is -301 + 0?
-301
In base 14, what is 1ac + -2?
1aa
In base 4, what is -311 - -3333?
3022
In base 9, what is -11 - 774?
-785
In base 16, what is -5a - 37?
-91
In base 16, what is 66 - 121?
-bb
In base 10, what is 0 + 395?
395
In base 15, what is -4 + 9?
5
In base 9, what is 582 + -5?
576
In base 11, what is 2 - 3224?
-3222
In base 4, what is 3 - -330322?
330331
In base 7, what is 250 + -6?
241
In base 8, what is -5346 + -4?
-5352
In base 16, what is -250 + 0?
-250
In base 2, what is -10 - -10?
0
In base 8, what is -2 - -103?
101
In base 14, what is -18 - 1?
-19
In base 5, what is 12 - -1312?
1324
In base 15, what is 169 + -1?
168
In base 7, what is 231 + -141?
60
In base 13, what is -c30 + 0?
-c30
In base 9, what is 403 + -13?
380
In base 9, what is -23 + 122?
88
In base 8, what is 2 - -5134?
5136
In base 10, what is 0 - -283?
283
In base 4, what is -10 - 13100?
-13110
In base 12, what is 3 + 591?
594
In base 8, what is -1250 + 3?
-1245
In base 16, what is -1 + 3a?
39
In base 11, what is 3 - 55?
-52
In base 4, what is -2 + -2003?
-2011
In base 16, what is -2 - -134?
132
In base 8, what is 3 + 4011?
4014
In base 16, what is -310 + 4?
-30c
In base 13, what is 49 - -47?
93
In base 8, what is -7211 + 1?
-7210
In base 7, what is -4 - 500?
-504
In base 8, what is 3435 - 3?
3432
In base 14, what is 17a + -8?
172
In base 10, what is -1 + 1294?
1293
In base 7, what is -210 + -206?
-416
In base 7, what is 0 + -402?
-402
In base 6, what is 12 - -2100?
2112
In base 9, what is -20 - 12?
-32
In base 3, what is -12 + 11121221?
11121202
In base 10, what is 1888 - -3?
1891
In base 15, what is 964 - 5?
95e
In base 3, what is 10 + -11101?
-11021
In base 5, what is 1323 - 44?
1224
In base 4, what is -310 - -11?
-233
In base 6, what is 2104 - 13?
2051
In base 5, what is 12334 - -1?
12340
In base 9, what is 5 + 20?
25
In base 15, what is -203 - 1?
-204
In base 8, what is 33040 - -5?
33045
In base 16, what is f + -3d2?
-3c3
In base 3, what is -11 + -1212?
-2000
In base 9, what is -14 + -110?
-124
In base 16, what is -36 - -1b?
-1b
In base 11, what is 77 - -2?
79
In base 2, what is 1011 - -1000011001?
1000100100
In base 12, what is 22b3 + 5?
22b8
In base 7, what is 1 - -33?
34
In base 14, what is 4 + -18?
-14
In base 3, what is 10 + -221?
-211
In base 10, what is -227 + 1?
-226
In base 14, what is 5 - 1d?
-18
In base 15, what is 2 + -1a?
-18
In base 10, what is -525 - 8?
-533
In base 11, what is 424 + 3?
427
In base 2, what is 101 - -111001?
111110
In base 3, what is 102 + -201?
-22
In base 8, what is 114676 + 5?
114703
In base 10, what is 4 + 252?
256
In base 11, what is -5 + 140?
136
In base 12, what is 386 - 5?
381
In base 8, what is 73412 - 1?
73411
In base 10, what is 21 + 120?
141
In base 7, what is -15 + -5?
-23
In base 16, what is 2 - -1b6?
1b8
In base 7, what is 1045 + -5?
1040
In base 15, what is 56 + 5?
5b
In base 7, what is 402 + 1?
403
In base 8, what is -3 - 2240?
-2243
In base 14, what is 33cc - 4?
33c8
In base 15, what is 8b - -7?
93
In base 10, what is -7 + 42?
35
In ba